38?
8
What is the hundred thousands digit of 224383546?
3
What is the tens digit of 1287273230?
3
What is the ten millions digit of 41338274?
4
What is the thousands digit of 62479548?
9
What is the hundred millions digit of 1228706002?
2
What is the ten millions digit of 1071755373?
7
What is the hundred thousands digit of 159936561?
9
What is the hundred millions digit of 918929316?
9
What is the hundred thousands digit of 103061708?
0
What is the ten thousands digit of 887979964?
7
What is the units digit of 411745455?
5
What is the hundred thousands digit of 24602297?
6
What is the tens digit of 259178431?
3
What is the units digit of 2636026930?
0
What is the tens digit of 327359401?
0
What is the thousands digit of 420101155?
1
What is the ten millions digit of 211077207?
1
What is the thousands digit of 45718676?
8
What is the hundreds digit of 135250701?
7
What is the ten millions digit of 73368440?
7
What is the ten thousands digit of 584950354?
5
What is the hundreds digit of 13870965?
9
What is the hundred thousands digit of 47762881?
7
What is the ten thousands digit of 38352571?
5
What is the hundreds digit of 56327481?
4
What is the tens digit of 17563094?
9
What is the hundred thousands digit of 4897932234?
9
What is the thousands digit of 65022130?
2
What is the thousands digit of 35327933?
7
What is the tens digit of 254930866?
6
What is the ten millions digit of 35237918?
3
What is the hundred thousands digit of 751500316?
5
What is the hundreds digit of 771618270?
2
What is the hundred thousands digit of 2737690723?
6
What is the hundreds digit of 746619629?
6
What is the thousands digit of 914343886?
3
What is the units digit of 129979361?
1
What is the tens digit of 60708119?
1
What is the ten thousands digit of 6982859894?
5
What is the hundreds digit of 98571809?
8
What is the tens digit of 15239498?
9
What is the ten millions digit of 1357871459?
5
What is the hundred thousands digit of 464807654?
8
What is the ten thousands digit of 1263693168?
9
What is the millions digit of 49167228?
9
What is the thousands digit of 74288614?
8
What is the thousands digit of 105737529?
7
What is the hundred millions digit of 836549941?
8
What is the hundreds digit of 32743966?
9
What is the hundred millions digit of 4938102303?
9
What is the tens digit of 417053645?
4
What is the millions digit of 1204013161?
4
What is the millions digit of 5337640?
5
What is the millions digit of 56186233?
6
What is the hundred thousands digit of 1544073126?
0
What is the tens digit of 2488119682?
8
What is the millions digit of 363732964?
3
What is the hundreds digit of 159033106?
1
What is the tens digit of 1531202343?
4
What is the ten thousands digit of 96202233?
0
What is the tens digit of 135041794?
9
What is the hundred thousands digit of 379133936?
1
What is the ten thousands digit of 109757710?
5
What is the ten millions digit of 896505577?
9
What is the ten thousands digit of 282989126?
8
What is the tens digit of 5719471083?
8
What is the millions digit of 870495309?
0
What is the ten millions digit of 5766905184?
6
What is the hundred thousands digit of 169631429?
6
What is the ten thousands digit of 104164279?
6
What is the tens digit of 887605369?
6
What is the hundreds digit of 286916691?
6
What is the ten millions digit of 1134330602?
3
What is the millions digit of 126972537?
6
What is the tens digit of 3754857925?
2
What is the hundreds digit of 22119748?
7
What is the tens digit of 52241450?
5
What is the thousands digit of 15805862?
5
What is the thousands digit of 89065488?
5
What is the ten millions digit of 701009894?
0
What is the hundreds digit of 593636608?
6
What is the ten millions digit of 14580296?
1
What is the hundred millions digit of 4564313344?
5
What is the tens digit of 2476043956?
5
What is the tens digit of 550051177?
7
What is the hundred millions digit of 194609337?
1
What is the billions digit of 1478748563?
1
What is the millions digit of 43346055?
3
What is the hundreds digit of 200880066?
0
What is the hundred millions digit of 272738714?
2
What is the hundred thousands digit of 11860816?
8
What is the ten thousands digit of 59389346?
8
What is the ten thousands digit of 8530000?
3
What is the ten millions digit of 39453106?
3
What is the thousands digit of 1012497036?
7
What is the thousands digit of 122092944?
2
What is the units digit of 76647630?
0
What is the tens digit of 1480817056?
5
What is the units digit of 25947728?
8
What is the tens digit of 75990523?
2
What is the ten millions digit of 406156493?
0
What is the hundred millions digit of 1942059307?
9
What is the ten thousands digit of 158735964?
3
What is the hundred thousands digit of 912668672?
6
What is the thousands digit of 195427897?
7
What is the units digit of 359887085?
5
What is the tens digit of 38629787?
8
What is the units digit of 2753124770?
0
What is the millions digit of 127144361?
7
What is the thousands digit of 46443266?
3
What is the units digit of 1508114960?
0
What is the ten thousands digit of 17774623?
7
What is the millions digit of 55777781?
5
What is the millions digit of 596113436?
6
What is the tens digit of 178548793?
9
What is the millions digit of 85497359?
5
What is the hundred millions digit of 1142243716?
1
What is the thousands digit of 162439544?
9
What is the units digit of 152919232?
2
What is the tens digit of 221767261?
6
What is the millions digit of 107570219?
7
What is the hundreds digit of 70301641?
6
What is the thousands digit of 25354460?
4
What is the hundred millions digit of 2417377462?
4
What is the billions digit of 2108351502?
2
What is the millions digit of 1437136300?
7
What is the hundred thousands digit of 1429956664?
9
What is the hundred thousands digit of 37981159?
9
What is the tens digit of 1950879849?
4
What is the ten thousands digit of 901743640?
4
What is the thousands digit of 4977855080?
5
What is the units digit of 425778430?
0
What is the millions digit of 4897062692?
7
What is the ten thousands digit of 190326814?
2
What is the ten thousands digit of 169158346?
5
What is the hundreds digit of 73157435?
4
What is the ten thousands digit of 25733278?
3
What is the hundred thousands digit of 3074668018?
6
What is the hundreds digit of 1300833360?
3
What is the ten millions digit of 630829435?
3
What is the units digit of 82136037?
7
What is the ten thousands digit of 401275717?
7
What is the units digit of 992473458?
8
What is the units digit of 20306969?
9
What is the billions digit of 3805258410?
3
What is the ten millions digit of 27186219?
2
What is the hundred thousands digit of 173452339?
4
What is the hundred thousands digit of 710909683?
9
What is the hundred thousands digit of 2376889385?
8
What is the ten thousands digit of 294310986?
1
What is the ten thousands digit of 449531414?
3
What is the hundreds digit of 1149833021?
0
What is the millions digit of 272239550?
2
What is the ten thousands digit of 3526479964?
7
What is the millions digit of 1212654896?
2
What is the tens digit of 534659522?
2
What is the hundred millions digit of 315924977?
3
What is the ten thousands digit of 7606508474?
0
What is the tens digit of 6172845260?
6
What is the units digit of 26899398?
8
What is the thousands digit of 73802291?
2
What is the units digit of 1762590737?
7
What is the thousands digit of 621325?
1
What is the ten thousands digit of 371145459?
4
What is the ten millions digit of 57649392?
5
What is the hundreds digit of 180253002?
0
What is the ten thousands digit of 214518138?
1
What is the millions digit of 84611126?
4
What is the hundreds digit of 3334839371?
3
What is the hundreds digit of 1698728207?
2
What is the millions digit of 1462197240?
2
What is the ten thousands digit of 10409701?
0
What is the ten thousands digit of 68275500?
7
What is the hundred thousands digit of 1885543745?
5
What is the hundred thousands digit of 361936753?
9
What is the ten thousands digit of 429714366?
1
What is the thousands digit of 43569148?
9
What is the thousands digit of 880544704?
4
What is the ten thousands digit of 31326499?
2
What is the millions digit of 49408746?
9
What is the thousands digit of 1515694661?
4
What is the tens digit of 146083675?
7
What is the 